{"id":895,"date":"2021-12-20T11:14:26","date_gmt":"2021-12-20T10:14:26","guid":{"rendered":"https:\/\/www.campinglarenaudiere.com\/?page_id=895"},"modified":"2024-01-30T11:35:46","modified_gmt":"2024-01-30T10:35:46","slug":"jadekust-per-fiets","status":"publish","type":"page","link":"https:\/\/mirabel-renaudiere.com\/nl\/les-experiences\/cote-de-jade-a-velo","title":{"rendered":"C\u00f4te de Jade op de fiets"},"content":{"rendered":"<figure class=\"wp-block-image alignright size-full is-resized\"><img loading=\"lazy\" decoding=\"async\" width=\"320\" height=\"292\" src=\"https:\/\/www.mirabel-renaudiere.com\/wp-content\/uploads\/2022\/01\/Soleil.png\" alt=\"zon\" class=\"wp-image-1883\" style=\"width:160px;height:146px\" srcset=\"https:\/\/mirabel-renaudiere.com\/wp-content\/uploads\/2022\/01\/Soleil.png 320w, https:\/\/mirabel-renaudiere.com\/wp-content\/uploads\/2022\/01\/Soleil-300x274.png 300w\" sizes=\"auto, (max-width: 320px) 100vw, 320px\" \/><\/figure>\n\n\n\n<h1 class=\"wp-block-heading\" id=\"a-la-decouverte-de-la-cote-de-jade-a-velo\">Ontdek de C\u00f4te de Jade op de fiets!<\/h1>\n\n\n\n<h2 class=\"wp-block-heading has-text-align-center\" id=\"quand-on-partait-sur-les-chemins-a-bicyclette\">\u00abToen we nog met de fiets de weg op gingen...\u00bb.\u00bb<\/h2>\n\n\n\n<p class=\"has-text-align-center\">Steeds meer van jullie willen de auto neerzetten voor de vakantie. <br>Nou, door naar <a href=\"https:\/\/mirabel-renaudiere.com\/nl\/\" data-type=\"page\" data-id=\"9\">la Renaudi\u00e8re<\/a> het is mogelijk! Laat je auto staan op de camping en maak een wandeling over de vele paden langs de kust. <br>We hebben er een paar voor je geselecteerd, ongeacht je niveau of leeftijd. <br>(<em>je kunt je fietsen ook direct op de camping huren; vraag bij de receptie naar de volledige tarieven.<\/em>).<\/p>\n\n\n\n<figure class=\"wp-block-image aligncenter size-full\"><img decoding=\"async\" src=\"https:\/\/www.mirabel-renaudiere.com\/wp-content\/uploads\/2022\/01\/barre-bleue.png\" alt=\"\" class=\"wp-image-2382\"\/><\/figure>\n\n\n\n<div class=\"wp-block-media-text alignwide is-stacked-on-mobile\"><figure class=\"wp-block-media-text__media\"><a href=\"https:\/\/www.mirabel-renaudiere.com\/wp-content\/uploads\/2021\/12\/balade-velo-couple.jpg\"><img loading=\"lazy\" decoding=\"async\" width=\"1024\" height=\"683\" src=\"https:\/\/www.mirabel-renaudiere.com\/wp-content\/uploads\/2021\/12\/balade-velo-couple.jpg\" alt=\"La Plaine sur Mer-fietsroute\" class=\"wp-image-919 size-full\" srcset=\"https:\/\/mirabel-renaudiere.com\/wp-content\/uploads\/2021\/12\/balade-velo-couple.jpg 1024w, https:\/\/mirabel-renaudiere.com\/wp-content\/uploads\/2021\/12\/balade-velo-couple-300x200.jpg 300w, https:\/\/mirabel-renaudiere.com\/wp-content\/uploads\/2021\/12\/balade-velo-couple-768x512.jpg 768w\" sizes=\"auto, (max-width: 1024px) 100vw, 1024px\" \/><\/a><\/figure><div class=\"wp-block-media-text__content\">\n<p class=\"has-medium-font-size\"><strong>Ontdek La Plaine-sur-Mer op de fiets <\/strong><\/p>\n\n\n\n<figure class=\"wp-block-image size-full\"><img decoding=\"async\" src=\"https:\/\/www.mirabel-renaudiere.com\/wp-content\/uploads\/2022\/01\/barre-bleue.png\" alt=\"\" class=\"wp-image-2382\"\/><\/figure>\n\n\n\n<p><strong>Twee tours vanuit La Plaine-sur-Mer<\/strong> van iets minder dan 4 km brengt je tussen zee en platteland. <\/p>\n\n\n\n<p>Het eerste \u00abstadscentrum - la Pr\u00e9\u00e9<strong>&nbsp;\u00bb<\/strong> en de tweede \u00abcentre-ville - le Cormier\u00bb zijn <strong>korte, gemakkelijke routes<\/strong> van 3,9 km en 3,5 km. Perfect om de hoeken en gaten van het dorp te verkennen, van vissen te voet bij de Pointe de la Pr\u00e9\u00e9 tot het platteland iets verder landinwaarts.<\/p>\n\n\n\n<p>Ze stellen je in staat om het volgende te ontdekken <strong>la Plaine-sur-Mer<\/strong> in je eigen tempo. Deze tochten zijn ideaal voor <strong>uw familie-uitjes<\/strong> met de zeer jonge en gemakkelijk toegankelijke <strong>vanaf de camping.<\/strong><\/p>\n<\/div><\/div>\n\n\n\n<div class=\"wp-block-media-text alignwide has-media-on-the-right is-stacked-on-mobile front-page-section grey\"><div class=\"wp-block-media-text__content\">\n<h2 class=\"wp-block-heading has-medium-font-size\">Fietsroute <strong>\u00abV\u00e9locean-deel richting Pr\u00e9failles\u00bb <\/strong><\/h2>\n\n\n\n<figure class=\"wp-block-image size-full\"><img decoding=\"async\" src=\"https:\/\/www.mirabel-renaudiere.com\/wp-content\/uploads\/2022\/01\/barre-bleue.png\" alt=\"\" class=\"wp-image-2382\"\/><\/figure>\n\n\n\n<p> 11.4 km van <a href=\"https:\/\/mirabel-renaudiere.com\/nl\/laplainesurmer-stranden-regio\/\" data-type=\"page\" data-id=\"69\">la Plaine-sur-Mer<\/a><\/p>\n\n\n\n<p><strong>Volg de kust naar Pr\u00e9failles<\/strong>. Met zijn vele opmerkelijke stranden en baaien is Pr\u00e9failles ongetwijfeld een essentieel onderdeel van uw verblijf in de Loire-Atlantique. <\/p>\n\n\n\n<p>Tijdens je reis kun je de kleur van het transparante water, de kustlijn en in het bijzonder de <strong>La Roche Perc\u00e9e<\/strong> Pr\u00e9failles, het emblematische natuurlijke erfgoed van het dorp, en <strong>Heiligdom van Gildas<\/strong> en zijn semafoor.<\/p>\n<\/div><figure class=\"wp-block-media-text__media\"><a href=\"https:\/\/www.mirabel-renaudiere.com\/wp-content\/uploads\/2021\/12\/balade-velo-famille.jpg\"><img loading=\"lazy\" decoding=\"async\" width=\"1024\" height=\"683\" src=\"https:\/\/www.mirabel-renaudiere.com\/wp-content\/uploads\/2021\/12\/balade-velo-famille.jpg\" alt=\"Pointe St Gildas en zijn semafoor\" class=\"wp-image-921 size-full\" srcset=\"https:\/\/mirabel-renaudiere.com\/wp-content\/uploads\/2021\/12\/balade-velo-famille.jpg 1024w, https:\/\/mirabel-renaudiere.com\/wp-content\/uploads\/2021\/12\/balade-velo-famille-300x200.jpg 300w, https:\/\/mirabel-renaudiere.com\/wp-content\/uploads\/2021\/12\/balade-velo-famille-768x512.jpg 768w\" sizes=\"auto, (max-width: 1024px) 100vw, 1024px\" \/><\/a><\/figure><\/div>\n\n\n\n<div class=\"wp-block-media-text alignwide is-stacked-on-mobile animate left\"><figure class=\"wp-block-media-text__media\"><a href=\"https:\/\/www.mirabel-renaudiere.com\/wp-content\/uploads\/2021\/12\/balade-velo-famille2.jpg\"><img loading=\"lazy\" decoding=\"async\" width=\"1024\" height=\"683\" src=\"https:\/\/www.mirabel-renaudiere.com\/wp-content\/uploads\/2021\/12\/balade-velo-famille2.jpg\" alt=\"La v\u00e9lodyss\u00e9e fietstocht voor het hele gezin\" class=\"wp-image-900 size-full\" srcset=\"https:\/\/mirabel-renaudiere.com\/wp-content\/uploads\/2021\/12\/balade-velo-famille2.jpg 1024w, https:\/\/mirabel-renaudiere.com\/wp-content\/uploads\/2021\/12\/balade-velo-famille2-300x200.jpg 300w, https:\/\/mirabel-renaudiere.com\/wp-content\/uploads\/2021\/12\/balade-velo-famille2-768x512.jpg 768w\" sizes=\"auto, (max-width: 1024px) 100vw, 1024px\" \/><\/a><\/figure><div class=\"wp-block-media-text__content\">\n<h2 class=\"wp-block-heading has-medium-font-size\">Het fietspad <strong>\u00abLa V\u00e9lodys\u00e9e\u00bb - Ontdekking van de Atlantische kust <\/strong><\/h2>\n\n\n\n<figure class=\"wp-block-image size-full\"><img decoding=\"async\" src=\"https:\/\/www.mirabel-renaudiere.com\/wp-content\/uploads\/2022\/01\/barre-bleue.png\" alt=\"\" class=\"wp-image-2382\"\/><\/figure>\n\n\n\n<p> Deze fietsroute is ongeveer <strong>1400 km en bewegwijzerd<\/strong> van start tot finish, begint in Bretagne en slingert zich een weg over de Atlantische Oceaan naar de Baskische kust. Pomp de banden van je fiets op en zet je schrap voor een mooie rit! <strong>familie-uitje!<\/strong><\/p>\n\n\n\n<p>3\/4 van de V\u00e9lodyss\u00e9 gaat over autovrije wegen.<\/p>\n\n\n\n<p> Vertrekken van <strong>Camping La Renaudi\u00e8re<\/strong>, Je kunt onder andere meedoen, <a href=\"https:\/\/mirabel-renaudiere.com\/nl\/bestemmingsregio-pornic\/\" data-type=\"page\" data-id=\"67\">Pornic<\/a>, Saint-Br\u00e9vin, Les Moutiers-en-Retz. <\/p>\n\n\n\n<p>Als je meer ervaring hebt, pak dan een picknicklunch in, trek je rugzak aan en ga naar het strand. <strong>een dagtocht maken<\/strong> Ontdek de regio's die deze tour doorkruist.<\/p>\n\n\n\n<p><\/p>\n\n\n\n<p>Lees meer over alle fietsroutes op de <a href=\"https:\/\/www.pornic.com\/\" target=\"_blank\" rel=\"noreferrer noopener\">Bestemming Porno<\/a> of ga naar de receptie van de camping.<\/p>\n<\/div><\/div>\n\n\n\n<p><\/p>","protected":false},"excerpt":{"rendered":"<p>A la d\u00e9couverte de la C\u00f4te de Jade \u00e0 v\u00e9lo ! \u00ab&nbsp;Quand on partait sur les chemins, \u00e0 bicyclette\u2026&nbsp;\u00bb Vous [&hellip;]<\/p>\n","protected":false},"author":1,"featured_media":0,"parent":272,"menu_order":0,"comment_status":"closed","ping_status":"closed","template":"","meta":{"_seopress_robots_primary_cat":"","_seopress_titles_title":"Circuits v\u00e9lo et pistes cyclables pr\u00e8s de Pornic","_seopress_titles_desc":"D\u00e9couvrez les pistes cyclables, la v\u00e9lodyss\u00e9e sur la c\u00f4te de Jade et le secteur de Pornic au d\u00e9part du camping La Renaudi\u00e8re.","_seopress_robots_index":"","footnotes":""},"class_list":["post-895","page","type-page","status-publish","hentry"],"_links":{"self":[{"href":"https:\/\/mirabel-renaudiere.com\/nl\/wp-json\/wp\/v2\/pages\/895","targetHints":{"allow":["GET"]}}],"collection":[{"href":"https:\/\/mirabel-renaudiere.com\/nl\/wp-json\/wp\/v2\/pages"}],"about":[{"href":"https:\/\/mirabel-renaudiere.com\/nl\/wp-json\/wp\/v2\/types\/page"}],"author":[{"embeddable":true,"href":"https:\/\/mirabel-renaudiere.com\/nl\/wp-json\/wp\/v2\/users\/1"}],"replies":[{"embeddable":true,"href":"https:\/\/mirabel-renaudiere.com\/nl\/wp-json\/wp\/v2\/comments?post=895"}],"version-history":[{"count":19,"href":"https:\/\/mirabel-renaudiere.com\/nl\/wp-json\/wp\/v2\/pages\/895\/revisions"}],"predecessor-version":[{"id":10534,"href":"https:\/\/mirabel-renaudiere.com\/nl\/wp-json\/wp\/v2\/pages\/895\/revisions\/10534"}],"up":[{"embeddable":true,"href":"https:\/\/mirabel-renaudiere.com\/nl\/wp-json\/wp\/v2\/pages\/272"}],"wp:attachment":[{"href":"https:\/\/mirabel-renaudiere.com\/nl\/wp-json\/wp\/v2\/media?parent=895"}],"curies":[{"name":"wp","href":"https:\/\/api.w.org\/{rel}","templated":true}]}}

Côte de Jade op de fiets

<figure class="wp-block-image alignright size-full is-resized"><img loading="lazy" decoding="async" width="320" height="292" src="https://www.mirabel-renaudiere.com/wp-content/uploads/2022/01/Soleil.png" alt="zon" class="wp-image-1883" style="width:160px;height:146px" srcset="https://mirabel-renaudiere.com/wp-content/uploads/2022/01/Soleil.png 320w, https://mirabel-renaudiere.com/wp-content/uploads/2022/01/Soleil-300x274.png 300w" sizes="auto, (max-width: 320px) 100vw, 320px" /></figure>



<h1 class="wp-block-heading" id="a-la-decouverte-de-la-cote-de-jade-a-velo">Ontdek de Côte de Jade op de fiets!</h1>



<h2 class="wp-block-heading has-text-align-center" id="quand-on-partait-sur-les-chemins-a-bicyclette">«Toen we nog met de fiets de weg op gingen...».»</h2>



<p class="has-text-align-center">Steeds meer van jullie willen de auto neerzetten voor de vakantie. <br>Nou, door naar <a href="https://mirabel-renaudiere.com/nl/" data-type="page" data-id="9">la Renaudière</a> het is mogelijk! Laat je auto staan op de camping en maak een wandeling over de vele paden langs de kust. <br>We hebben er een paar voor je geselecteerd, ongeacht je niveau of leeftijd. <br>(<em>je kunt je fietsen ook direct op de camping huren; vraag bij de receptie naar de volledige tarieven.</em>).</p>



<figure class="wp-block-image aligncenter size-full"><img decoding="async" src="https://www.mirabel-renaudiere.com/wp-content/uploads/2022/01/barre-bleue.png" alt="" class="wp-image-2382"/></figure>



<div class="wp-block-media-text alignwide is-stacked-on-mobile"><figure class="wp-block-media-text__media"><a href="https://www.mirabel-renaudiere.com/wp-content/uploads/2021/12/balade-velo-couple.jpg"><img loading="lazy" decoding="async" width="1024" height="683" src="https://www.mirabel-renaudiere.com/wp-content/uploads/2021/12/balade-velo-couple.jpg" alt="La Plaine sur Mer-fietsroute" class="wp-image-919 size-full" srcset="https://mirabel-renaudiere.com/wp-content/uploads/2021/12/balade-velo-couple.jpg 1024w, https://mirabel-renaudiere.com/wp-content/uploads/2021/12/balade-velo-couple-300x200.jpg 300w, https://mirabel-renaudiere.com/wp-content/uploads/2021/12/balade-velo-couple-768x512.jpg 768w" sizes="auto, (max-width: 1024px) 100vw, 1024px" /></a></figure><div class="wp-block-media-text__content">
<p class="has-medium-font-size"><strong>Ontdek La Plaine-sur-Mer op de fiets </strong></p>



<figure class="wp-block-image size-full"><img decoding="async" src="https://www.mirabel-renaudiere.com/wp-content/uploads/2022/01/barre-bleue.png" alt="" class="wp-image-2382"/></figure>



<p><strong>Twee tours vanuit La Plaine-sur-Mer</strong> van iets minder dan 4 km brengt je tussen zee en platteland. </p>



<p>Het eerste «stadscentrum - la Préé<strong>&nbsp;»</strong> en de tweede «centre-ville - le Cormier» zijn <strong>korte, gemakkelijke routes</strong> van 3,9 km en 3,5 km. Perfect om de hoeken en gaten van het dorp te verkennen, van vissen te voet bij de Pointe de la Préé tot het platteland iets verder landinwaarts.</p>



<p>Ze stellen je in staat om het volgende te ontdekken <strong>la Plaine-sur-Mer</strong> in je eigen tempo. Deze tochten zijn ideaal voor <strong>uw familie-uitjes</strong> met de zeer jonge en gemakkelijk toegankelijke <strong>vanaf de camping.</strong></p>
</div></div>



<div class="wp-block-media-text alignwide has-media-on-the-right is-stacked-on-mobile front-page-section grey"><div class="wp-block-media-text__content">
<h2 class="wp-block-heading has-medium-font-size">Fietsroute <strong>«Vélocean-deel richting Préfailles» </strong></h2>



<figure class="wp-block-image size-full"><img decoding="async" src="https://www.mirabel-renaudiere.com/wp-content/uploads/2022/01/barre-bleue.png" alt="" class="wp-image-2382"/></figure>



<p> 11.4 km van <a href="https://mirabel-renaudiere.com/nl/laplainesurmer-stranden-regio/" data-type="page" data-id="69">la Plaine-sur-Mer</a></p>



<p><strong>Volg de kust naar Préfailles</strong>. Met zijn vele opmerkelijke stranden en baaien is Préfailles ongetwijfeld een essentieel onderdeel van uw verblijf in de Loire-Atlantique. </p>



<p>Tijdens je reis kun je de kleur van het transparante water, de kustlijn en in het bijzonder de <strong>La Roche Percée</strong> Préfailles, het emblematische natuurlijke erfgoed van het dorp, en <strong>Heiligdom van Gildas</strong> en zijn semafoor.</p>
</div><figure class="wp-block-media-text__media"><a href="https://www.mirabel-renaudiere.com/wp-content/uploads/2021/12/balade-velo-famille.jpg"><img loading="lazy" decoding="async" width="1024" height="683" src="https://www.mirabel-renaudiere.com/wp-content/uploads/2021/12/balade-velo-famille.jpg" alt="Pointe St Gildas en zijn semafoor" class="wp-image-921 size-full" srcset="https://mirabel-renaudiere.com/wp-content/uploads/2021/12/balade-velo-famille.jpg 1024w, https://mirabel-renaudiere.com/wp-content/uploads/2021/12/balade-velo-famille-300x200.jpg 300w, https://mirabel-renaudiere.com/wp-content/uploads/2021/12/balade-velo-famille-768x512.jpg 768w" sizes="auto, (max-width: 1024px) 100vw, 1024px" /></a></figure></div>



<div class="wp-block-media-text alignwide is-stacked-on-mobile animate left"><figure class="wp-block-media-text__media"><a href="https://www.mirabel-renaudiere.com/wp-content/uploads/2021/12/balade-velo-famille2.jpg"><img loading="lazy" decoding="async" width="1024" height="683" src="https://www.mirabel-renaudiere.com/wp-content/uploads/2021/12/balade-velo-famille2.jpg" alt="La vélodyssée fietstocht voor het hele gezin" class="wp-image-900 size-full" srcset="https://mirabel-renaudiere.com/wp-content/uploads/2021/12/balade-velo-famille2.jpg 1024w, https://mirabel-renaudiere.com/wp-content/uploads/2021/12/balade-velo-famille2-300x200.jpg 300w, https://mirabel-renaudiere.com/wp-content/uploads/2021/12/balade-velo-famille2-768x512.jpg 768w" sizes="auto, (max-width: 1024px) 100vw, 1024px" /></a></figure><div class="wp-block-media-text__content">
<h2 class="wp-block-heading has-medium-font-size">Het fietspad <strong>«La Vélodysée» - Ontdekking van de Atlantische kust </strong></h2>



<figure class="wp-block-image size-full"><img decoding="async" src="https://www.mirabel-renaudiere.com/wp-content/uploads/2022/01/barre-bleue.png" alt="" class="wp-image-2382"/></figure>



<p> Deze fietsroute is ongeveer <strong>1400 km en bewegwijzerd</strong> van start tot finish, begint in Bretagne en slingert zich een weg over de Atlantische Oceaan naar de Baskische kust. Pomp de banden van je fiets op en zet je schrap voor een mooie rit! <strong>familie-uitje!</strong></p>



<p>3/4 van de Vélodyssé gaat over autovrije wegen.</p>



<p> Vertrekken van <strong>Camping La Renaudière</strong>, Je kunt onder andere meedoen, <a href="https://mirabel-renaudiere.com/nl/bestemmingsregio-pornic/" data-type="page" data-id="67">Pornic</a>, Saint-Brévin, Les Moutiers-en-Retz. </p>



<p>Als je meer ervaring hebt, pak dan een picknicklunch in, trek je rugzak aan en ga naar het strand. <strong>een dagtocht maken</strong> Ontdek de regio's die deze tour doorkruist.</p>



<p></p>



<p>Lees meer over alle fietsroutes op de <a href="https://www.pornic.com/" target="_blank" rel="noreferrer noopener">Bestemming Porno</a> of ga naar de receptie van de camping.</p>
</div></div>



<p></p>

<p>A la découverte de la Côte de Jade à vélo ! «&nbsp;Quand on partait sur les chemins, à bicyclette…&nbsp;» Vous [&hellip;]</p>

Circuits vélo et pistes cyclables près de Pornic

Découvrez les pistes cyclables, la vélodyssée sur la côte de Jade et le secteur de Pornic au départ du camping La Renaudière.
